{"id":1123,"date":"2021-04-09T17:14:51","date_gmt":"2021-04-09T15:14:51","guid":{"rendered":"http:\/\/www.luclerouge.net\/blog\/?page_id=1123"},"modified":"2023-01-17T12:31:26","modified_gmt":"2023-01-17T10:31:26","slug":"liste-des-actions-de-peintures","status":"publish","type":"page","link":"https:\/\/www.luclerouge.net\/blog\/a-propos\/liste-des-actions-de-peintures\/","title":{"rendered":"liste des actions de peintures"},"content":{"rendered":"\t\t<div data-elementor-type=\"wp-page\" data-elementor-id=\"1123\" class=\"elementor elementor-1123\">\n\t\t\t\t\t\t<section class=\"elementor-section elementor-top-section elementor-element elementor-element-c37c69a elementor-section-boxed elementor-section-height-default elementor-section-height-default\" data-id=\"c37c69a\" data-element_type=\"section\">\n\t\t\t\t\t\t<div class=\"elementor-container elementor-column-gap-default\">\n\t\t\t\t\t<div class=\"elementor-column elementor-col-100 elementor-top-column elementor-element elementor-element-83a6867\" data-id=\"83a6867\" data-element_type=\"column\">\n\t\t\t<div class=\"elementor-widget-wrap elementor-element-populated\">\n\t\t\t\t\t\t<div class=\"elementor-element elementor-element-1012c41 elementor-widget elementor-widget-heading\" data-id=\"1012c41\" data-element_type=\"widget\" data-widget_type=\"heading.default\">\n\t\t\t\t<div class=\"elementor-widget-container\">\n\t\t\t\t\t<h3 class=\"elementor-heading-title elementor-size-default\">liste des actions de peinture<\/h3>\t\t\t\t<\/div>\n\t\t\t\t<\/div>\n\t\t\t\t\t<\/div>\n\t\t<\/div>\n\t\t\t\t\t<\/div>\n\t\t<\/section>\n\t\t\t\t<section class=\"elementor-section elementor-top-section elementor-element elementor-element-1790b88 elementor-section-boxed elementor-section-height-default elementor-section-height-default\" data-id=\"1790b88\" data-element_type=\"section\">\n\t\t\t\t\t\t<div class=\"elementor-container elementor-column-gap-default\">\n\t\t\t\t\t<div class=\"elementor-column elementor-col-100 elementor-top-column elementor-element elementor-element-c8aa211\" data-id=\"c8aa211\" data-element_type=\"column\">\n\t\t\t<div class=\"elementor-widget-wrap elementor-element-populated\">\n\t\t\t\t\t\t<div class=\"elementor-element elementor-element-f9c311f elementor-widget elementor-widget-text-editor\" data-id=\"f9c311f\" data-element_type=\"widget\" data-widget_type=\"text-editor.default\">\n\t\t\t\t<div class=\"elementor-widget-container\">\n\t\t\t\t\t\t\t\t\t\n1-\tBois Pittoresque, CECB Le Bourget, 1985\n<\/p>2-\tGalerie Diagonale, Paris, 1985\n<\/p>3-\tDiagonale \u00e0 l\u2019usine, squat, Malakoff, 1985\n<\/p>4-\tNuits des g\u00e9ants, Massy, 1985\n<\/p>5-\tInauguration Exhibition, Quai de la Gare, Paris, 1985\n<\/p>6-\tOuverture du Festival Alternativa #4, Cascais, Portugal, 1985\n<\/p>7-\tFestival Alternativa #4, Cascais, Portugal, 1985\n<\/p>8-\tAxe Nord-Sud, Gare Matabiau Toulouse, 1986\n<\/p>9-\tAxe Nord-Sud, train le Valentr\u00e9, 1986\n<\/p>10-\tAxe Nord-Sud, Galerie PAVE, Pamiers, 1986\n<\/p>11-\tAxe Nord-Sud, train le Valentr\u00e9, 1986\n<\/p>12-\tAxe Nord-Sud, Gare Austerlitz, 1986\n<\/p>13-\tDiagonale \u00e0 Babogo, squat, Paris, 1986\n<\/p>14-\tAir Textile, CECB, Le Bourget, 1986\n<\/p>15-\tGalerie Molkterei Werkstaat, Cologne, Allemegne, 1986\n<\/p>16-\tGalerie Diagonale, intervention n\u00e9oiste avec RU Sevol, Paris, 1986\n<\/p>17-\tFestival Intervention #3, Espace V\u00e9rri\u00e8res, Paris, 1987\n<\/p>18-\tGalerie FzKKE, Eushirchen, Allemenge, 1987\n<\/p>19-\tMontr\u00e9al, Paris, NewYork, Galerie \u00c9mergence Plus, Montr\u00e9al, Canada, 1987\n<\/p>20-\tMontr\u00e9al, Paris, NewYork, Galerie Fusion Arts, New York, USA, 1987\n<\/p>21-\tEspace De Acherstraat, Hoorn, Pays Bas, 1987\n<\/p>22-\tPlexus International Festival, Gavoi, Sardaigne, Italie, 1987\n<\/p>23-\tFestival Alternativa #5, Porto, Portugal, 1987\n<\/p>24-\tPygmantation, Galerie Diagonale, avec RU Sevol, Paris, 1987\n<\/p>25-\tPanneau Giraudy, Reims, 1988\n<\/p>26-\tEspace Hang\u2019Art, Reims, 1998\n<\/p>27-\tPanneau Giraudy, Reims, 1988\n<\/p>28-\tEspace l\u2019Usine, Reims, 1988\n<\/p>29-\tIntervention 4, Caf\u00e9 de la Danse, Paris, 1988\n<\/p>30-\tFestival Trace Rock, Nancy, 1990\n<\/p>31-\tFestival Interazioni #2, Cagliari, Sardaigne, Italie\n<\/p>32-\tEspace 31, Issy les Moulineaux, 1990\n<\/p>33-\tBateau Lavoir, Paris, 1991\n<\/p>34-\tEPE , Paris, 1991\n<\/p>35-\tVia Festival #0 LMP, Paris, 1993\n<\/p>36-\tDans la rue, avec Pedro Suarez, Brie Comte Robert, 1994\n<\/p>37-\tAizu Art College Festival, Kitakata, Fukushima, Japon, 1994\n<\/p>38-\tVia au Japon, International Dance Festival, X Cai Teater, Tokyo, 1994\n<\/p>39-\tVia au Japon, Kid Ailak Art Hall, Tokyo, 1994\n<\/p>40-\tVia Festiva #1, LMP, Paris, 1994\n<\/p>41-\tGalerie Sud, Bagneux, 1994\n<\/p>42-\tVia Festival #2, Bateau Lavoir, Paris, 1995\n<\/p>43-\tVia Festival #2, Ferme d\u2019Ayau, Roissy en Brie, 1995\n<\/p>44-\tOriflamme, 10 ans Galerie Sud, Bagneux, 1995\n<\/p>45-\tFondation Logos, Gand, Belgique, 1996\n<\/p>46-\tFestival Interazioni #10, Cagliari, Sardaigne, Italie, 1997\n<\/p>47-\tVia Festival #3, Galerie Area La R\u00e9serve, Paris, 1997\n<\/p>48-\tVia Festival #4, Fl\u00e8che d\u2019Or Caf\u00e9, Paris, 1998\n<\/p>49-\tCRANE aux Pays Bas, Institut Fran\u00e7ais, Maison Descartes, Amsterdam, 1998\n<\/p>50-\tCRANE aux Pays Bas, Th\u00e9\u00e2tre Ann Het Spui, La Haye, Pays Bas, 1998\n<\/p>51-\tAizu Art Festival College Festival, Yamabiko Center, Mishima, Fukushima, 1998\n<\/p>52-\tMMAC Festival, Westend Teater, Tokyo, Japon ,1998\n<\/p>53-\tFestival D\u00e9rapage Contr\u00f4l\u00e9, Art Action actuel, St Jean de Richelieu, Canada, 1999\n<\/p>54-\tFestival D\u00e9rapage Contr\u00f4l\u00e9, Galerie Articule, Montr\u00e9al, Canada, 1999\n<\/p>55-\tVia Festival #6, Galerie \u00e9of, Paris, 2000\n<\/p>56-\tFestival La Dolce Vita, Inner Space, Poznan, Pologne, 2000\n<\/p>57-\tD\u00e9lavage- 15 ans du LMP, Paris, 2001\n<\/p>58-\tUnbearable Arts Festival, Galerie Bullet Space, New York, USA, 2001\n<\/p>59-\tVia Festival #8, Studio Multitude, Paris, 2002\n<\/p>60-\tMoza\u00efques #1, Ferme d Ayau, Roissy en Brie, 2007\n<\/p>61-\t30 Ans Apr\u00e8s, Galerie Art Actuel, Paris, 2009\n<\/p>62-\tL\u2019Un(E) et l\u2019Autre #0, espace  culturel la Marmite, Chevry-Cossigny, 2012\n<\/p>63-\tL\u2019Un(E) et l\u2019Autre #1, espace  culturel la Marmite, Chevry-Cossigny, 2013\n<\/p>64-\tTerritoires d\u2019\u00e9critures, les 4 saisons de l\u2019art, Aubais, 2015\n<\/p>65-\tSans gaz ni trompette #1, les 4 saisons de l\u2019art, Aubais, 2017\n<\/p>66-\tSans gaz ni trompette #2, les 4 saisons de l\u2019art, Aubais, 2018\n<\/p>67-\tDiagonale espace critique, un combat culturel, 59RIV, Paris, 2022\t\t\t\t\t\t\t\t<\/div>\n\t\t\t\t<\/div>\n\t\t\t\t\t<\/div>\n\t\t<\/div>\n\t\t\t\t\t<\/div>\n\t\t<\/section>\n\t\t\t\t<section class=\"elementor-section elementor-top-section elementor-element elementor-element-6bcc9d6 elementor-section-boxed elementor-section-height-default elementor-section-height-default\" data-id=\"6bcc9d6\" data-element_type=\"section\">\n\t\t\t\t\t\t<div class=\"elementor-container elementor-column-gap-default\">\n\t\t\t\t\t<div class=\"elementor-column elementor-col-100 elementor-top-column elementor-element elementor-element-96098ee\" data-id=\"96098ee\" data-element_type=\"column\">\n\t\t\t<div class=\"elementor-widget-wrap elementor-element-populated\">\n\t\t\t\t\t\t<div class=\"elementor-element elementor-element-db20a11 elementor-view-default elementor-widget elementor-widget-icon\" data-id=\"db20a11\" data-element_type=\"widget\" data-widget_type=\"icon.default\">\n\t\t\t\t<div class=\"elementor-widget-container\">\n\t\t\t\t\t\t\t<div class=\"elementor-icon-wrapper\">\n\t\t\t<a class=\"elementor-icon\" href=\"https:\/\/www.luclerouge.net\/blog\/a-propos\/\">\n\t\t\t<i aria-hidden=\"true\" class=\"far fa-arrow-alt-circle-up\"><\/i>\t\t\t<\/a>\n\t\t<\/div>\n\t\t\t\t\t\t<\/div>\n\t\t\t\t<\/div>\n\t\t\t\t\t<\/div>\n\t\t<\/div>\n\t\t\t\t\t<\/div>\n\t\t<\/section>\n\t\t\t\t<\/div>\n\t\t","protected":false},"excerpt":{"rendered":"<p>liste des actions de peinture 1- Bois Pittoresque, CECB Le Bourget, 1985 2- Galerie Diagonale, Paris, 1985 3- Diagonale \u00e0 l\u2019usine, squat, Malakoff, 1985 4- Nuits des g\u00e9ants, Massy, 1985 5- Inauguration Exhibition, Quai de la Gare, Paris, 1985 6- Ouverture du Festival Alternativa #4, Cascais, Portugal, 1985 7- Festival Alternativa #4, Cascais, Portugal, 1985 [&hellip;]<\/p>\n","protected":false},"author":1,"featured_media":0,"parent":1132,"menu_order":3,"comment_status":"closed","ping_status":"closed","template":"","meta":{"site-sidebar-layout":"no-sidebar","site-content-layout":"page-builder","ast-site-content-layout":"default","site-content-style":"default","site-sidebar-style":"default","ast-global-header-display":"","ast-banner-title-visibility":"","ast-main-header-display":"","ast-hfb-above-header-display":"","ast-hfb-below-header-display":"","ast-hfb-mobile-header-display":"","site-post-title":"disabled","ast-breadcrumbs-content":"","ast-featured-img":"disabled","footer-sml-layout":"","ast-disable-related-posts":"","theme-transparent-header-meta":"default","adv-header-id-meta":"","stick-header-meta":"","header-above-stick-meta":"","header-main-stick-meta":"","header-below-stick-meta":"","astra-migrate-meta-layouts":"default","ast-page-background-enabled":"default","ast-page-background-meta":{"desktop":{"background-color":"","background-image":"","background-repeat":"repeat","background-position":"center center","background-size":"auto","background-attachment":"scroll","background-type":"","background-media":"","overlay-type":"","overlay-color":"","overlay-opacity":"","overlay-gradient":""},"tablet":{"background-color":"","background-image":"","background-repeat":"repeat","background-position":"center center","background-size":"auto","background-attachment":"scroll","background-type":"","background-media":"","overlay-type":"","overlay-color":"","overlay-opacity":"","overlay-gradient":""},"mobile":{"background-color":"","background-image":"","background-repeat":"repeat","background-position":"center center","background-size":"auto","background-attachment":"scroll","background-type":"","background-media":"","overlay-type":"","overlay-color":"","overlay-opacity":"","overlay-gradient":""}},"ast-content-background-meta":{"desktop":{"background-color":"var(--ast-global-color-5)","background-image":"","background-repeat":"repeat","background-position":"center center","background-size":"auto","background-attachment":"scroll","background-type":"","background-media":"","overlay-type":"","overlay-color":"","overlay-opacity":"","overlay-gradient":""},"tablet":{"background-color":"var(--ast-global-color-5)","background-image":"","background-repeat":"repeat","background-position":"center center","background-size":"auto","background-attachment":"scroll","background-type":"","background-media":"","overlay-type":"","overlay-color":"","overlay-opacity":"","overlay-gradient":""},"mobile":{"background-color":"var(--ast-global-color-5)","background-image":"","background-repeat":"repeat","background-position":"center center","background-size":"auto","background-attachment":"scroll","background-type":"","background-media":"","overlay-type":"","overlay-color":"","overlay-opacity":"","overlay-gradient":""}},"footnotes":""},"class_list":["post-1123","page","type-page","status-publish","hentry"],"yoast_head":"<!-- This site is optimized with the Yoast SEO plugin v26.5 - https:\/\/yoast.com\/wordpress\/plugins\/seo\/ -->\n<title>Site-officiel-de-Luc-Lerouge-accueil<\/title>\n<meta name=\"description\" content=\"D\u00e9couvrez le parcours de l&#039;artiste plasticien Luc Lerouge\" \/>\n<meta name=\"robots\" content=\"index, follow, max-snippet:-1, max-image-preview:large, max-video-preview:-1\" \/>\n<link rel=\"canonical\" href=\"https:\/\/www.luclerouge.net\/blog\/a-propos\/liste-des-actions-de-peintures\/\" \/>\n<meta property=\"og:locale\" content=\"fr_FR\" \/>\n<meta property=\"og:type\" content=\"article\" \/>\n<meta property=\"og:title\" content=\"Site-officiel-de-Luc-Lerouge-accueil\" \/>\n<meta property=\"og:description\" content=\"D\u00e9couvrez le parcours de l&#039;artiste plasticien Luc Lerouge\" \/>\n<meta property=\"og:url\" content=\"https:\/\/www.luclerouge.net\/blog\/a-propos\/liste-des-actions-de-peintures\/\" \/>\n<meta property=\"og:site_name\" content=\"Luc Lerouge-artiste plasticien\" \/>\n<meta property=\"article:modified_time\" content=\"2023-01-17T10:31:26+00:00\" \/>\n<meta property=\"og:image\" content=\"https:\/\/www.luclerouge.net\/blog\/wp-content\/uploads\/2023\/02\/la-peinture-nen-deplaise.jpg\" \/>\n\t<meta property=\"og:image:width\" content=\"478\" \/>\n\t<meta property=\"og:image:height\" content=\"369\" \/>\n\t<meta property=\"og:image:type\" content=\"image\/jpeg\" \/>\n<meta name=\"twitter:card\" content=\"summary_large_image\" \/>\n<meta name=\"twitter:label1\" content=\"Dur\u00e9e de lecture estim\u00e9e\" \/>\n\t<meta name=\"twitter:data1\" content=\"3 minutes\" \/>\n<script type=\"application\/ld+json\" class=\"yoast-schema-graph\">{\"@context\":\"https:\/\/schema.org\",\"@graph\":[{\"@type\":\"WebPage\",\"@id\":\"https:\/\/www.luclerouge.net\/blog\/a-propos\/liste-des-actions-de-peintures\/\",\"url\":\"https:\/\/www.luclerouge.net\/blog\/a-propos\/liste-des-actions-de-peintures\/\",\"name\":\"Site-officiel-de-Luc-Lerouge-accueil\",\"isPartOf\":{\"@id\":\"https:\/\/www.luclerouge.net\/blog\/#website\"},\"datePublished\":\"2021-04-09T15:14:51+00:00\",\"dateModified\":\"2023-01-17T10:31:26+00:00\",\"description\":\"D\u00e9couvrez le parcours de l'artiste plasticien Luc Lerouge\",\"breadcrumb\":{\"@id\":\"https:\/\/www.luclerouge.net\/blog\/a-propos\/liste-des-actions-de-peintures\/#breadcrumb\"},\"inLanguage\":\"fr-FR\",\"potentialAction\":[{\"@type\":\"ReadAction\",\"target\":[\"https:\/\/www.luclerouge.net\/blog\/a-propos\/liste-des-actions-de-peintures\/\"]}]},{\"@type\":\"BreadcrumbList\",\"@id\":\"https:\/\/www.luclerouge.net\/blog\/a-propos\/liste-des-actions-de-peintures\/#breadcrumb\",\"itemListElement\":[{\"@type\":\"ListItem\",\"position\":1,\"name\":\"Accueil\",\"item\":\"https:\/\/www.luclerouge.net\/blog\/\"},{\"@type\":\"ListItem\",\"position\":2,\"name\":\"\u00e0 propos\",\"item\":\"https:\/\/www.luclerouge.net\/blog\/a-propos\/\"},{\"@type\":\"ListItem\",\"position\":3,\"name\":\"liste des actions de peintures\"}]},{\"@type\":\"WebSite\",\"@id\":\"https:\/\/www.luclerouge.net\/blog\/#website\",\"url\":\"https:\/\/www.luclerouge.net\/blog\/\",\"name\":\"Luc Lerouge-artiste plasticien\",\"description\":\"D\u00e9couvrez le parcours artistique de Luc Lerouge-artiste plasticie -peinture- performance-installation.\",\"alternateName\":\"luclerouge\",\"potentialAction\":[{\"@type\":\"SearchAction\",\"target\":{\"@type\":\"EntryPoint\",\"urlTemplate\":\"https:\/\/www.luclerouge.net\/blog\/?s={search_term_string}\"},\"query-input\":{\"@type\":\"PropertyValueSpecification\",\"valueRequired\":true,\"valueName\":\"search_term_string\"}}],\"inLanguage\":\"fr-FR\"}]}<\/script>\n<!-- \/ Yoast SEO plugin. -->","yoast_head_json":{"title":"Site-officiel-de-Luc-Lerouge-accueil","description":"D\u00e9couvrez le parcours de l'artiste plasticien Luc Lerouge","robots":{"index":"index","follow":"follow","max-snippet":"max-snippet:-1","max-image-preview":"max-image-preview:large","max-video-preview":"max-video-preview:-1"},"canonical":"https:\/\/www.luclerouge.net\/blog\/a-propos\/liste-des-actions-de-peintures\/","og_locale":"fr_FR","og_type":"article","og_title":"Site-officiel-de-Luc-Lerouge-accueil","og_description":"D\u00e9couvrez le parcours de l'artiste plasticien Luc Lerouge","og_url":"https:\/\/www.luclerouge.net\/blog\/a-propos\/liste-des-actions-de-peintures\/","og_site_name":"Luc Lerouge-artiste plasticien","article_modified_time":"2023-01-17T10:31:26+00:00","og_image":[{"width":478,"height":369,"url":"https:\/\/www.luclerouge.net\/blog\/wp-content\/uploads\/2023\/02\/la-peinture-nen-deplaise.jpg","type":"image\/jpeg"}],"twitter_card":"summary_large_image","twitter_misc":{"Dur\u00e9e de lecture estim\u00e9e":"3 minutes"},"schema":{"@context":"https:\/\/schema.org","@graph":[{"@type":"WebPage","@id":"https:\/\/www.luclerouge.net\/blog\/a-propos\/liste-des-actions-de-peintures\/","url":"https:\/\/www.luclerouge.net\/blog\/a-propos\/liste-des-actions-de-peintures\/","name":"Site-officiel-de-Luc-Lerouge-accueil","isPartOf":{"@id":"https:\/\/www.luclerouge.net\/blog\/#website"},"datePublished":"2021-04-09T15:14:51+00:00","dateModified":"2023-01-17T10:31:26+00:00","description":"D\u00e9couvrez le parcours de l'artiste plasticien Luc Lerouge","breadcrumb":{"@id":"https:\/\/www.luclerouge.net\/blog\/a-propos\/liste-des-actions-de-peintures\/#breadcrumb"},"inLanguage":"fr-FR","potentialAction":[{"@type":"ReadAction","target":["https:\/\/www.luclerouge.net\/blog\/a-propos\/liste-des-actions-de-peintures\/"]}]},{"@type":"BreadcrumbList","@id":"https:\/\/www.luclerouge.net\/blog\/a-propos\/liste-des-actions-de-peintures\/#breadcrumb","itemListElement":[{"@type":"ListItem","position":1,"name":"Accueil","item":"https:\/\/www.luclerouge.net\/blog\/"},{"@type":"ListItem","position":2,"name":"\u00e0 propos","item":"https:\/\/www.luclerouge.net\/blog\/a-propos\/"},{"@type":"ListItem","position":3,"name":"liste des actions de peintures"}]},{"@type":"WebSite","@id":"https:\/\/www.luclerouge.net\/blog\/#website","url":"https:\/\/www.luclerouge.net\/blog\/","name":"Luc Lerouge-artiste plasticien","description":"D\u00e9couvrez le parcours artistique de Luc Lerouge-artiste plasticie -peinture- performance-installation.","alternateName":"luclerouge","potentialAction":[{"@type":"SearchAction","target":{"@type":"EntryPoint","urlTemplate":"https:\/\/www.luclerouge.net\/blog\/?s={search_term_string}"},"query-input":{"@type":"PropertyValueSpecification","valueRequired":true,"valueName":"search_term_string"}}],"inLanguage":"fr-FR"}]}},"_links":{"self":[{"href":"https:\/\/www.luclerouge.net\/blog\/wp-json\/wp\/v2\/pages\/1123","targetHints":{"allow":["GET"]}}],"collection":[{"href":"https:\/\/www.luclerouge.net\/blog\/wp-json\/wp\/v2\/pages"}],"about":[{"href":"https:\/\/www.luclerouge.net\/blog\/wp-json\/wp\/v2\/types\/page"}],"author":[{"embeddable":true,"href":"https:\/\/www.luclerouge.net\/blog\/wp-json\/wp\/v2\/users\/1"}],"replies":[{"embeddable":true,"href":"https:\/\/www.luclerouge.net\/blog\/wp-json\/wp\/v2\/comments?post=1123"}],"version-history":[{"count":23,"href":"https:\/\/www.luclerouge.net\/blog\/wp-json\/wp\/v2\/pages\/1123\/revisions"}],"predecessor-version":[{"id":2578,"href":"https:\/\/www.luclerouge.net\/blog\/wp-json\/wp\/v2\/pages\/1123\/revisions\/2578"}],"up":[{"embeddable":true,"href":"https:\/\/www.luclerouge.net\/blog\/wp-json\/wp\/v2\/pages\/1132"}],"wp:attachment":[{"href":"https:\/\/www.luclerouge.net\/blog\/wp-json\/wp\/v2\/media?parent=1123"}],"curies":[{"name":"wp","href":"https:\/\/api.w.org\/{rel}","templated":true}]}}